 g, 0 = -4*q + 3*g - 87. Let y be (-3)/(-15)*q*-5. Suppose 4*w = 3*w + y. List the prime factors of w.
2, 3
Let x(d) = d**2 - 7*d + 3. List the prime factors of x(-9).
3, 7
Let y be 5*-3 + 15/(-5). Let f = 30 + y. List the prime factors of f.
2, 3
Let b(x) = -x**3 + 5*x**2 - 5*x. Let a be b(4). Let n(c) = c**2 + 2*c + 4. What are the prime factors of n(a)?
2, 3
Suppose 0 = k + 4 + 1. What are the prime factors of (9 - k) + -3*1?
11
Let s = 13 + -10. Suppose p = s - 0. Suppose -35 = -p*q + 34. List the prime factors of q.
23
Suppose 17 = 4*x + 5. Suppose -x*w - 135 = -8*w. List the prime factors of w.
3
Let z(d) = d**2 - 5*d + 4 - d - 2*d + 4*d. Let g be z(-4). Suppose -3*k + 3*a = -7*k + g, a = 5*k - 26. List the prime factors of k.
2, 3
Let j be (-14)/49 - (-122)/(-14). Let p = 30 + j. List the prime factors of p.
3, 7
Let t(d) = 16*d. What are the prime factors of t(3)?
2, 3
Let x = -20 - -14. Let l = -3 - x. Suppose l = z - 4. List the prime factors of z.
7
Let f be (-2)/5 - 265/25. Let l = 20 + f. What are the prime factors of l?
3
Let o(x) = 12*x - 5. What are the prime factors of o(2)?
19
Suppose 0 = -2*i + 4*i + 12. What are the prime factors of (-458)/(-22) + i/(-33)?
3, 7
Let p(q) be the first derivative of 2/3*q**3 - 2*q + q**2 + 1. What are the prime factors of p(-2)?
2
Suppose -2*d + 28 = 2*d. Let p = -5 + d. Suppose -2*x + 4 = -2*j, -4*x - 3*j - p*j + 44 = 0. List the prime factors of x.
2, 3
What are the prime factors of (-116)/(-5) - 3/15?
23
List the prime factors of (-4)/2 + (-8 - (5 + -323)).
2, 7, 11
List the prime factors of 354/11 + (-22)/121.
2
Suppose 15 = -41*s + 44*s. List the prime factors of s.
5
Let m be (-36)/(-27)*(1 - -2). Suppose m*s - 66 = -14. What are the prime factors of s?
13
Let o be 1/(-5) + 186/30. Let z(c) be the third derivative of -c**5/60 + c**4/3 - 4*c**3/3 + c**2. List the prime factors of z(o).
2
Let c(u) be the second derivative of 7*u**3/6 - 3*u**2/2 + 7*u. List the prime factors of c(5).
2
Let s(d) = -d + 2. Let h(w) = -1. Let c(q) = -5*h(q) + s(q). Let y be c(5). Suppose y*t - 10 = 0, 0*m = m - 5*t + 17. List the prime factors of m.
2
Suppose 0 = -4*n - 4*p + 56 + 120, -2*p + 232 = 5*n. Suppose -n = -2*m - m. What are the prime factors of m?
2
Let n(b) = b - 2. Let y be n(4). Suppose -2*c + y = -c. Suppose -r = -c - 5. What are the prime factors of r?
7
List the prime factors of (-101)/(-7) - (-15)/(-35).
2, 7
Suppose 6*c - 45 = c. List the prime factors of c.
3
Let q be ((-2)/2)/((-3)/12). Suppose q*b - 3*k = 107, 2*b - 52 + 1 = k. What are the prime factors of b?
23
Let h = -4 - -3. Let y be h*5*(1 + -2). Suppose -4*d + d + 3*u + 36 = 0, y*d - u - 40 = 0. What are the prime factors of d?
7
Let c = -801 + 1134. Let x = c + -189. List the prime factors of (-2)/7 + x/14.
2, 5
Let h(u) = -8*u - 21. What are the prime factors of h(-7)?
5, 7
Suppose 4*n - 132 = 16. List the prime factors of n.
37
Let g be 1 - (0 + (2 - 8)). Let z = 1 - 2. Let s = g - z. What are the prime factors of s?
2
Let x(v) = 26*v**2 + 2*v + 1. Let l(n) = n**2 - 3*n + 1. Let a be l(2). What are the prime factors of x(a)?
5
Let l = -9 - -14. What are the prime factors of 3/(l/((-160)/(-6)))?
2
Let j be (-126)/(-35) - 2/(-5). Let q(r) = -r**2 + 2. Let y be q(j). Let k = -8 - y. List the prime factors of k.
2, 3
List the prime factors of (4 - (4 - 3))/((-1)/(-6)).
2, 3
Let v(t) = 13*t**2 + 5*t - 3. List the prime factors of v(-3).
3, 11
Suppose 3*j = 6*j - n + 45, 4*j - 4*n = -60. Let m be 4/((-6)/j + 0). List the prime factors of 4/(32/m)*4.
5
Let d = 203 + -136. What are the prime factors of d?
67
Let u(z) = 2*z + 58. List the prime factors of u(0).
2, 29
Let k(i) = i**2 - i + 3. Let x be k(0). Let m(y) = -2*y + 4*y**2 - 2*y**3 + 2*y**3 - y**x + 3. List the prime factors of m(3).
2, 3
Let j = -98 + 195. List the prime factors of j.
97
Let k be ((-90)/4)/((-2)/(-4)). Let g = k + 30. List the prime factors of g/1*6/(-9).
2, 5
Suppose -4*r = -4*o + 72, 4*r + 34 + 16 = 3*o. List the prime factors of o.
2, 11
Let z(y) = -3*y + 13. Let k be z(10). Let w = k - -31. What are the prime factors of w?
2, 7
List the prime factors of 145 - 1*-1*(0 + 2).
3, 7
Suppose 5*d - 215 = -0*d. List the prime factors of d.
43
Suppose -5*z - 3*i = -15, 5*i = z - 33 + 2. List the prime factors of z.
2, 3
Suppose 5*g + 3*j = 250, 0*g = g - 5*j - 78. List the prime factors of g.
53
Let g = 6 + -1. Suppose 3*l = g*l - 28. List the prime factors of l.
2, 7
List the prime factors of (-25)/(-5) + 113 - 8/2.
2, 3, 19
Suppose -c + 4*h = -3 + 11, 3*h - 6 = 0. Let b(r) = -r**2 - 5*r + 2. Let k be b(-5). Suppose k*l - 5 - 5 = c. List the prime factors of l.
5
Let j = 64 + -46. Suppose p - 61 + j = 0. Suppose 4*n - 4 = -4*c, -3*n + 5*c = -0*c - p. What are the prime factors of n?
2, 3
Let u(i) = i**3 - 4*i**2 - 3*i - 2. Let o be u(5). Let m = o - 5. Suppose 0 = 3*z + 2*h + 16 - 47, m*z - 2*h - 23 = 0. What are the prime factors of z?
3
Suppose v + 2*z = 7, 4*z = -0 + 8. Let d = v - 1. Suppose 6 = 4*m - d*u, 3*u - 3 = 2*m - 4. List the prime factors of m.
2
Let z = 1 - -1. List the prime factors of (z/4 + 0)*14.
7
List the prime factors of ((-4)/(-8))/(1/58).
29
Let t be (120 - (1 + 0)) + 1. Suppose 5*h - 4*u - t = -0*h, u + 107 = 4*h. What are the prime factors of h?
2, 7
Let p = 545 + -331. What are the prime factors of p?
2, 107
Let l = 11 + -7. Suppose l*h = h. What are the prime factors of (5 - (h - 0)) + 1?
2, 3
Suppose 19 = 3*z - 29. Let h = -5 + z. List the prime factors of h.
11
Suppose -5*v + 0*v + 895 = 0. What are the prime factors of v?
179
Suppose -3*i = -4*d - 9, 0 = 2*i - i + d + 4. Let a = i + 5. List the prime factors of a.
2
Suppose 242 = 2*a - 46. What are the prime factors of a?
2, 3
Let y(q) = -q**2 - 14*q - 8. Let a = 14 + -26. List the prime factors of y(a).
2
Let z(s) = 31*s + 14. What are the prime factors of z(6)?
2, 5
Let u be 2/(-6) + (-23)/3. Let z be 4/u + (-7)/(-2). Suppose -z*i + 32 = i. What are the prime factors of i?
2
Let u = -44 + 73. Suppose 3*z - 1 = -m, -m - 5*z - 1 = -0. Suppose -m*f + u = -7. What are the prime factors of f?
3
Let f = 25 + -18. Let c be (-1 - -2) + (2 + 0 - -1). Suppose n + 3*i = -9, c*n - 3*i = -f*i - 4. What are the prime factors of n?
3
Let x = 95 + -23. List the prime factors of x.
2, 3
Suppose 0 = -h - 0*c + c + 41, 2*c = h - 44. Let p = h + -14. Suppose -3*w + p = -9. What are the prime factors of w?
11
Let b(t) = t - 1. Let p be b(3). Suppose -9 = -m - p*m. Suppose 2*y = 3 + m. List the prime factors of y.
3
Let v = -361 + 606. List the prime factors of v.
5, 7
Let y = -1 + 8. Let w = 10 + y. What are the prime factors of w?
17
Let g(y) = y**3 - 6*y**2 + 16*y**2 - 13 - 13*y - 2. List the prime factors of g(-11).
7
Let y(f) = f**3 + 9*f**2 + 6*f - 9. Suppose -3*z - 10 = -5*z. Let m be (13/(-5) - -1)*z. What are the prime factors of y(m)?
7
Suppose -4*v - 340 = -2*p - 3*p, 3*p + v = 221. What are the prime factors of p?
2, 3
Let p(k) = 20*k - 1. Let w(h) = h**2 + 3*h + 3. Let f be w(-2). List the prime factors of p(f).
19
Let r(f) = -f**3 + 17*f**2 - 24*f - 17. List the prime factors of r(14).
5, 47
Suppose -3*v = -z - 129, 0 = v + 2*z - 43. List the prime factors of v.
43
Suppose 0 = -3*n + 5*n + 62. Let g = -48 + 93. Let r = n + g. What are the prime factors of r?
2, 7
Suppose -18*p + 14*p + 192 = 0. What are the prime factors of p?
2, 3
Suppose -h + 4*x + 2 = 0, 4*h + 0*h + 7 = x. Let z be (-35)/h - 5/(-10). Let o = -9 + z. What are the prime factors of o?
3
Let o be (-6)/(-15)*-1*-5. Let p(r) = -7 - r - 3*r**3 - 2*r**o - 3*r + 5 - r**2. What are the prime factors of p(-2)?
2, 3
List the prime factors of 2/2 + 189/9.
2, 11
Let o(n) be the third derivative of -7*n**4/12 - 2*n**3/3 + 3*n**2. What are the prime factors of o(-3)?
2, 19
Let b = 124 + -79. List the prime factors of b.
3, 5
Let d = 72 + -42. What are the prime factors of d?
2, 3, 5
Suppose 320 = 5*s - 180. List the prime factors of s.
2, 5
Suppose 0 = -t + 1, -2*t = 3*p - 0*p - 95. What are the prime factors of p?
31
Let j be (-1)/((-4)/(-36) + 0). What are the prime factors of -1 + j*(-5 + 2)?
2, 13
Suppose 2*g = 3*m - 298, 2*g = -5*m + 320 + 198. What are the prime factors of m?
2, 3, 17
Suppose -2*g = t - 19, 2*g + 4*t + 15 = 49.